{"version":"1.0","provider_name":"BASQUETBOLEANDO.com","provider_url":"https:\/\/basquetboleando.com\/web","author_name":"Ana Cabral","author_url":"https:\/\/basquetboleando.com\/web\/author\/ana-cabral\/","title":"WALTER HERRMANN RETORNA AL GRIEGO - BASQUETBOLEANDO.com","type":"rich","width":600,"height":338,"html":"<blockquote class=\"wp-embedded-content\" data-secret=\"D5xFD489XH\"><a href=\"https:\/\/basquetboleando.com\/web\/walter-herrmann-retorna-al-griego\/\">WALTER HERRMANN RETORNA AL GRIEGO<\/a><\/blockquote><iframe sandbox=\"allow-scripts\" security=\"restricted\" src=\"https:\/\/basquetboleando.com\/web\/walter-herrmann-retorna-al-griego\/embed\/#?secret=D5xFD489XH\" width=\"600\" height=\"338\" title=\"\u00abWALTER HERRMANN RETORNA AL GRIEGO\u00bb \u2014 BASQUETBOLEANDO.com\" data-secret=\"D5xFD489XH\" frameborder=\"0\" marginwidth=\"0\" marginheight=\"0\" scrolling=\"no\" class=\"wp-embedded-content\"><\/iframe><script type=\"text\/javascript\">\n\/* <![CDATA[ *\/\n\/*! This file is auto-generated *\/\n!function(d,l){\"use strict\";l.querySelector&&d.addEventListener&&\"undefined\"!=typeof URL&&(d.wp=d.wp||{},d.wp.receiveEmbedMessage||(d.wp.receiveEmbedMessage=function(e){var t=e.data;if((t||t.secret||t.message||t.value)&&!\/[^a-zA-Z0-9]\/.test(t.secret)){for(var s,r,n,a=l.querySelectorAll('iframe[data-secret=\"'+t.secret+'\"]'),o=l.querySelectorAll('blockquote[data-secret=\"'+t.secret+'\"]'),c=new RegExp(\"^https?:$\",\"i\"),i=0;i<o.length;i++)o[i].style.display=\"none\";for(i=0;i<a.length;i++)s=a[i],e.source===s.contentWindow&&(s.removeAttribute(\"style\"),\"height\"===t.message?(1e3<(r=parseInt(t.value,10))?r=1e3:~~r<200&&(r=200),s.height=r):\"link\"===t.message&&(r=new URL(s.getAttribute(\"src\")),n=new URL(t.value),c.test(n.protocol))&&n.host===r.host&&l.activeElement===s&&(d.top.location.href=t.value))}},d.addEventListener(\"message\",d.wp.receiveEmbedMessage,!1),l.addEventListener(\"DOMContentLoaded\",function(){for(var e,t,s=l.querySelectorAll(\"iframe.wp-embedded-content\"),r=0;r<s.length;r++)(t=(e=s[r]).getAttribute(\"data-secret\"))||(t=Math.random().toString(36).substring(2,12),e.src+=\"#?secret=\"+t,e.setAttribute(\"data-secret\",t)),e.contentWindow.postMessage({message:\"ready\",secret:t},\"*\")},!1)))}(window,document);\n\/\/# sourceURL=https:\/\/basquetboleando.com\/web\/wp-includes\/js\/wp-embed.min.js\n\/* ]]> *\/\n<\/script>\n","thumbnail_url":"https:\/\/basquetboleando.com\/web\/wp-content\/uploads\/2018\/06\/Her22.jpeg","thumbnail_width":700,"thumbnail_height":553,"description":"El ala-pivot santafesino, regresa a Atenas de C\u00f3rdoba, en lo que ser\u00e1 su tercera participaci\u00f3n en el equipo. Elenco que no solo participar\u00e1 en la pr\u00f3xima Liga Nacional sino que tambi\u00e9n disputar\u00e1 la Liga de las Am\u00e9ricas. Detalles."}

El ala-pivot santafesino, regresa a Atenas de Córdoba, en lo que será su tercera participación en el equipo. Elenco que no solo participará en la próxima Liga Nacional sino que también disputará la Liga de las Américas. Detalles.
