{"version":"1.0","provider_name":"BASQUETBOLEANDO.com","provider_url":"https:\/\/basquetboleando.com\/web","author_name":"Mauricio Pelletti","author_url":"https:\/\/basquetboleando.com\/web\/author\/mauricio-pelletti\/","title":"VILLATA - ANDREOLI: GARRA Y CONCENTRACI\u00d3N - BASQUETBOLEANDO.com","type":"rich","width":600,"height":338,"html":"<blockquote class=\"wp-embedded-content\" data-secret=\"gJnWkCij2c\"><a href=\"https:\/\/basquetboleando.com\/web\/villata-andreoli-garra-y-concentracion\/\">VILLATA &#8211; ANDREOLI: GARRA Y CONCENTRACI\u00d3N<\/a><\/blockquote><iframe sandbox=\"allow-scripts\" security=\"restricted\" src=\"https:\/\/basquetboleando.com\/web\/villata-andreoli-garra-y-concentracion\/embed\/#?secret=gJnWkCij2c\" width=\"600\" height=\"338\" title=\"\u00abVILLATA &#8211; ANDREOLI: GARRA Y CONCENTRACI\u00d3N\u00bb \u2014 BASQUETBOLEANDO.com\" data-secret=\"gJnWkCij2c\" frameborder=\"0\" marginwidth=\"0\" marginheight=\"0\" scrolling=\"no\" class=\"wp-embedded-content\"><\/iframe><script type=\"text\/javascript\">\n\/* <![CDATA[ *\/\n\/*! This file is auto-generated *\/\n!function(d,l){\"use strict\";l.querySelector&&d.addEventListener&&\"undefined\"!=typeof URL&&(d.wp=d.wp||{},d.wp.receiveEmbedMessage||(d.wp.receiveEmbedMessage=function(e){var t=e.data;if((t||t.secret||t.message||t.value)&&!\/[^a-zA-Z0-9]\/.test(t.secret)){for(var s,r,n,a=l.querySelectorAll('iframe[data-secret=\"'+t.secret+'\"]'),o=l.querySelectorAll('blockquote[data-secret=\"'+t.secret+'\"]'),c=new RegExp(\"^https?:$\",\"i\"),i=0;i<o.length;i++)o[i].style.display=\"none\";for(i=0;i<a.length;i++)s=a[i],e.source===s.contentWindow&&(s.removeAttribute(\"style\"),\"height\"===t.message?(1e3<(r=parseInt(t.value,10))?r=1e3:~~r<200&&(r=200),s.height=r):\"link\"===t.message&&(r=new URL(s.getAttribute(\"src\")),n=new URL(t.value),c.test(n.protocol))&&n.host===r.host&&l.activeElement===s&&(d.top.location.href=t.value))}},d.addEventListener(\"message\",d.wp.receiveEmbedMessage,!1),l.addEventListener(\"DOMContentLoaded\",function(){for(var e,t,s=l.querySelectorAll(\"iframe.wp-embedded-content\"),r=0;r<s.length;r++)(t=(e=s[r]).getAttribute(\"data-secret\"))||(t=Math.random().toString(36).substring(2,12),e.src+=\"#?secret=\"+t,e.setAttribute(\"data-secret\",t)),e.contentWindow.postMessage({message:\"ready\",secret:t},\"*\")},!1)))}(window,document);\n\/\/# sourceURL=https:\/\/basquetboleando.com\/web\/wp-includes\/js\/wp-embed.min.js\n\/* ]]> *\/\n<\/script>\n","thumbnail_url":"https:\/\/basquetboleando.com\/web\/wp-content\/uploads\/2022\/03\/villataandreolli.jpg","thumbnail_width":806,"thumbnail_height":378,"description":"El alero y el interno de Sarmiento hablaron con BasquetBoleando una vez consumada la victoria ag\u00f3nica en el C\u00e1ndido Arr\u00faa ante Kimberley por el torneo Dos Orillas A2. Hicieron un an\u00e1lisis del juego, mencionaron los contratiempos que tiene el equipo y ponderaron la cualidades que debieron entregar en la madera..."}

VILLATA - ANDREOLI: GARRA Y CONCENTRACIÓN - BASQUETBOLEANDO.com

<blockquote class="wp-embedded-content" data-secret="gJnWkCij2c"><a href="https://basquetboleando.com/web/villata-andreoli-garra-y-concentracion/">VILLATA &#8211; ANDREOLI: GARRA Y CONCENTRACIÓN</a></blockquote><iframe sandbox="allow-scripts" security="restricted" src="https://basquetboleando.com/web/villata-andreoli-garra-y-concentracion/embed/#?secret=gJnWkCij2c" width="600" height="338" title="«VILLATA &#8211; ANDREOLI: GARRA Y CONCENTRACIÓN» — BASQUETBOLEANDO.com" data-secret="gJnWkCij2c" frameborder="0" marginwidth="0" marginheight="0" scrolling="no" class="wp-embedded-content"></iframe><script type="text/javascript">
/* <![CDATA[ */
/*! This file is auto-generated */
!function(d,l){"use strict";l.querySelector&&d.addEventListener&&"undefined"!=typeof URL&&(d.wp=d.wp||{},d.wp.receiveEmbedMessage||(d.wp.receiveEmbedMessage=function(e){var t=e.data;if((t||t.secret||t.message||t.value)&&!/[^a-zA-Z0-9]/.test(t.secret)){for(var s,r,n,a=l.querySelectorAll('iframe[data-secret="'+t.secret+'"]'),o=l.querySelectorAll('blockquote[data-secret="'+t.secret+'"]'),c=new RegExp("^https?:$","i"),i=0;i<o.length;i++)o[i].style.display="none";for(i=0;i<a.length;i++)s=a[i],e.source===s.contentWindow&&(s.removeAttribute("style"),"height"===t.message?(1e3<(r=parseInt(t.value,10))?r=1e3:~~r<200&&(r=200),s.height=r):"link"===t.message&&(r=new URL(s.getAttribute("src")),n=new URL(t.value),c.test(n.protocol))&&n.host===r.host&&l.activeElement===s&&(d.top.location.href=t.value))}},d.addEventListener("message",d.wp.receiveEmbedMessage,!1),l.addEventListener("DOMContentLoaded",function(){for(var e,t,s=l.querySelectorAll("iframe.wp-embedded-content"),r=0;r<s.length;r++)(t=(e=s[r]).getAttribute("data-secret"))||(t=Math.random().toString(36).substring(2,12),e.src+="#?secret="+t,e.setAttribute("data-secret",t)),e.contentWindow.postMessage({message:"ready",secret:t},"*")},!1)))}(window,document);
//# sourceURL=https://basquetboleando.com/web/wp-includes/js/wp-embed.min.js
/* ]]> */
</script>

El alero y el interno de Sarmiento hablaron con BasquetBoleando una vez consumada la victoria agónica en el Cándido Arrúa ante Kimberley por el torneo Dos Orillas A2. Hicieron un análisis del juego, mencionaron los contratiempos que tiene el equipo y ponderaron la cualidades que debieron entregar en la madera...
