{"version":"1.0","provider_name":"BASQUETBOLEANDO.com","provider_url":"https:\/\/basquetboleando.com\/web","author_name":"Sebastian Fabricius","author_url":"https:\/\/basquetboleando.com\/web\/author\/sebastian-fabricius\/","title":"CSF: SE SUSPENDI\u00d3 LA JORNADA DEL VIERNES - BASQUETBOLEANDO.com","type":"rich","width":600,"height":338,"html":"<blockquote class=\"wp-embedded-content\" data-secret=\"a7nk43Q9oB\"><a href=\"https:\/\/basquetboleando.com\/web\/csf-se-suspendio-la-jornada-del-viernes\/\">CSF: SE SUSPENDI\u00d3 LA JORNADA DEL VIERNES<\/a><\/blockquote><iframe sandbox=\"allow-scripts\" security=\"restricted\" src=\"https:\/\/basquetboleando.com\/web\/csf-se-suspendio-la-jornada-del-viernes\/embed\/#?secret=a7nk43Q9oB\" width=\"600\" height=\"338\" title=\"\u00abCSF: SE SUSPENDI\u00d3 LA JORNADA DEL VIERNES\u00bb \u2014 BASQUETBOLEANDO.com\" data-secret=\"a7nk43Q9oB\" frameborder=\"0\" marginwidth=\"0\" marginheight=\"0\" scrolling=\"no\" class=\"wp-embedded-content\"><\/iframe><script type=\"text\/javascript\">\n\/* <![CDATA[ *\/\n\/*! This file is auto-generated *\/\n!function(d,l){\"use strict\";l.querySelector&&d.addEventListener&&\"undefined\"!=typeof URL&&(d.wp=d.wp||{},d.wp.receiveEmbedMessage||(d.wp.receiveEmbedMessage=function(e){var t=e.data;if((t||t.secret||t.message||t.value)&&!\/[^a-zA-Z0-9]\/.test(t.secret)){for(var s,r,n,a=l.querySelectorAll('iframe[data-secret=\"'+t.secret+'\"]'),o=l.querySelectorAll('blockquote[data-secret=\"'+t.secret+'\"]'),c=new RegExp(\"^https?:$\",\"i\"),i=0;i<o.length;i++)o[i].style.display=\"none\";for(i=0;i<a.length;i++)s=a[i],e.source===s.contentWindow&&(s.removeAttribute(\"style\"),\"height\"===t.message?(1e3<(r=parseInt(t.value,10))?r=1e3:~~r<200&&(r=200),s.height=r):\"link\"===t.message&&(r=new URL(s.getAttribute(\"src\")),n=new URL(t.value),c.test(n.protocol))&&n.host===r.host&&l.activeElement===s&&(d.top.location.href=t.value))}},d.addEventListener(\"message\",d.wp.receiveEmbedMessage,!1),l.addEventListener(\"DOMContentLoaded\",function(){for(var e,t,s=l.querySelectorAll(\"iframe.wp-embedded-content\"),r=0;r<s.length;r++)(t=(e=s[r]).getAttribute(\"data-secret\"))||(t=Math.random().toString(36).substring(2,12),e.src+=\"#?secret=\"+t,e.setAttribute(\"data-secret\",t)),e.contentWindow.postMessage({message:\"ready\",secret:t},\"*\")},!1)))}(window,document);\n\/\/# sourceURL=https:\/\/basquetboleando.com\/web\/wp-includes\/js\/wp-embed.min.js\n\/* ]]> *\/\n<\/script>\n","thumbnail_url":"https:\/\/basquetboleando.com\/web\/wp-content\/uploads\/2022\/09\/logo2-copa4.jpg","thumbnail_width":751,"thumbnail_height":476,"description":"Debido a los hechos que son de p\u00fablico conocimiento, la Federaci\u00f3n de B\u00e1squetbol de la provincia de Santa Fe informa que se resolvi\u00f3 postergar los partidos programados para este viernes en el marco de la Copa Santa Fe. Los encuentros de s\u00e1bado y domingo se jugar\u00e1n tal cual estaba previsto...."}

CSF: SE SUSPENDIÓ LA JORNADA DEL VIERNES - BASQUETBOLEANDO.com

<blockquote class="wp-embedded-content" data-secret="a7nk43Q9oB"><a href="https://basquetboleando.com/web/csf-se-suspendio-la-jornada-del-viernes/">CSF: SE SUSPENDIÓ LA JORNADA DEL VIERNES</a></blockquote><iframe sandbox="allow-scripts" security="restricted" src="https://basquetboleando.com/web/csf-se-suspendio-la-jornada-del-viernes/embed/#?secret=a7nk43Q9oB" width="600" height="338" title="«CSF: SE SUSPENDIÓ LA JORNADA DEL VIERNES» — BASQUETBOLEANDO.com" data-secret="a7nk43Q9oB" frameborder="0" marginwidth="0" marginheight="0" scrolling="no" class="wp-embedded-content"></iframe><script type="text/javascript">
/* <![CDATA[ */
/*! This file is auto-generated */
!function(d,l){"use strict";l.querySelector&&d.addEventListener&&"undefined"!=typeof URL&&(d.wp=d.wp||{},d.wp.receiveEmbedMessage||(d.wp.receiveEmbedMessage=function(e){var t=e.data;if((t||t.secret||t.message||t.value)&&!/[^a-zA-Z0-9]/.test(t.secret)){for(var s,r,n,a=l.querySelectorAll('iframe[data-secret="'+t.secret+'"]'),o=l.querySelectorAll('blockquote[data-secret="'+t.secret+'"]'),c=new RegExp("^https?:$","i"),i=0;i<o.length;i++)o[i].style.display="none";for(i=0;i<a.length;i++)s=a[i],e.source===s.contentWindow&&(s.removeAttribute("style"),"height"===t.message?(1e3<(r=parseInt(t.value,10))?r=1e3:~~r<200&&(r=200),s.height=r):"link"===t.message&&(r=new URL(s.getAttribute("src")),n=new URL(t.value),c.test(n.protocol))&&n.host===r.host&&l.activeElement===s&&(d.top.location.href=t.value))}},d.addEventListener("message",d.wp.receiveEmbedMessage,!1),l.addEventListener("DOMContentLoaded",function(){for(var e,t,s=l.querySelectorAll("iframe.wp-embedded-content"),r=0;r<s.length;r++)(t=(e=s[r]).getAttribute("data-secret"))||(t=Math.random().toString(36).substring(2,12),e.src+="#?secret="+t,e.setAttribute("data-secret",t)),e.contentWindow.postMessage({message:"ready",secret:t},"*")},!1)))}(window,document);
//# sourceURL=https://basquetboleando.com/web/wp-includes/js/wp-embed.min.js
/* ]]> */
</script>

Debido a los hechos que son de público conocimiento, la Federación de Básquetbol de la provincia de Santa Fe informa que se resolvió postergar los partidos programados para este viernes en el marco de la Copa Santa Fe. Los encuentros de sábado y domingo se jugarán tal cual estaba previsto....
