{"version":"1.0","provider_name":"BASQUETBOLEANDO.com","provider_url":"https:\/\/basquetboleando.com\/web","author_name":"Mauricio Pelletti","author_url":"https:\/\/basquetboleando.com\/web\/author\/mauricio-pelletti\/","title":"AGUST\u00cdN \u00c1LVAREZ: \"TIR\u00c1NDOSE DE CABEZA\" - BASQUETBOLEANDO.com","type":"rich","width":600,"height":338,"html":"<blockquote class=\"wp-embedded-content\" data-secret=\"lZznR4BTAL\"><a href=\"https:\/\/basquetboleando.com\/web\/agustin-alvarez-tirandose-de-cabeza\/\">AGUST\u00cdN \u00c1LVAREZ: \u00abTIR\u00c1NDOSE DE CABEZA\u00bb<\/a><\/blockquote><iframe sandbox=\"allow-scripts\" security=\"restricted\" src=\"https:\/\/basquetboleando.com\/web\/agustin-alvarez-tirandose-de-cabeza\/embed\/#?secret=lZznR4BTAL\" width=\"600\" height=\"338\" title=\"\u00abAGUST\u00cdN \u00c1LVAREZ: \u00abTIR\u00c1NDOSE DE CABEZA\u00bb\u00bb \u2014 BASQUETBOLEANDO.com\" data-secret=\"lZznR4BTAL\" frameborder=\"0\" marginwidth=\"0\" marginheight=\"0\" scrolling=\"no\" class=\"wp-embedded-content\"><\/iframe><script type=\"text\/javascript\">\n\/* <![CDATA[ *\/\n\/*! This file is auto-generated *\/\n!function(d,l){\"use strict\";l.querySelector&&d.addEventListener&&\"undefined\"!=typeof URL&&(d.wp=d.wp||{},d.wp.receiveEmbedMessage||(d.wp.receiveEmbedMessage=function(e){var t=e.data;if((t||t.secret||t.message||t.value)&&!\/[^a-zA-Z0-9]\/.test(t.secret)){for(var s,r,n,a=l.querySelectorAll('iframe[data-secret=\"'+t.secret+'\"]'),o=l.querySelectorAll('blockquote[data-secret=\"'+t.secret+'\"]'),c=new RegExp(\"^https?:$\",\"i\"),i=0;i<o.length;i++)o[i].style.display=\"none\";for(i=0;i<a.length;i++)s=a[i],e.source===s.contentWindow&&(s.removeAttribute(\"style\"),\"height\"===t.message?(1e3<(r=parseInt(t.value,10))?r=1e3:~~r<200&&(r=200),s.height=r):\"link\"===t.message&&(r=new URL(s.getAttribute(\"src\")),n=new URL(t.value),c.test(n.protocol))&&n.host===r.host&&l.activeElement===s&&(d.top.location.href=t.value))}},d.addEventListener(\"message\",d.wp.receiveEmbedMessage,!1),l.addEventListener(\"DOMContentLoaded\",function(){for(var e,t,s=l.querySelectorAll(\"iframe.wp-embedded-content\"),r=0;r<s.length;r++)(t=(e=s[r]).getAttribute(\"data-secret\"))||(t=Math.random().toString(36).substring(2,12),e.src+=\"#?secret=\"+t,e.setAttribute(\"data-secret\",t)),e.contentWindow.postMessage({message:\"ready\",secret:t},\"*\")},!1)))}(window,document);\n\/\/# sourceURL=https:\/\/basquetboleando.com\/web\/wp-includes\/js\/wp-embed.min.js\n\/* ]]> *\/\n<\/script>\n","thumbnail_url":"https:\/\/basquetboleando.com\/web\/wp-content\/uploads\/2022\/05\/alvarezelquilla-1.jpeg","thumbnail_width":1141,"thumbnail_height":639,"description":"Una vez consumada la clasificaci\u00f3n de El Quill\u00e1 a la pr\u00f3xima instancia del Federativo U16 tras el triangular en el Coloso del Lago, BasquetBoleando convers\u00f3 con el base tibur\u00f3n que coment\u00f3 las sensaciones de la victoria, revel\u00f3 lo que sintieron tras caer en el primer juego del d\u00eda y destac\u00f3..."}

AGUSTÍN ÁLVAREZ: "TIRÁNDOSE DE CABEZA" - BASQUETBOLEANDO.com

<blockquote class="wp-embedded-content" data-secret="lZznR4BTAL"><a href="https://basquetboleando.com/web/agustin-alvarez-tirandose-de-cabeza/">AGUSTÍN ÁLVAREZ: «TIRÁNDOSE DE CABEZA»</a></blockquote><iframe sandbox="allow-scripts" security="restricted" src="https://basquetboleando.com/web/agustin-alvarez-tirandose-de-cabeza/embed/#?secret=lZznR4BTAL" width="600" height="338" title="«AGUSTÍN ÁLVAREZ: «TIRÁNDOSE DE CABEZA»» — BASQUETBOLEANDO.com" data-secret="lZznR4BTAL" frameborder="0" marginwidth="0" marginheight="0" scrolling="no" class="wp-embedded-content"></iframe><script type="text/javascript">
/* <![CDATA[ */
/*! This file is auto-generated */
!function(d,l){"use strict";l.querySelector&&d.addEventListener&&"undefined"!=typeof URL&&(d.wp=d.wp||{},d.wp.receiveEmbedMessage||(d.wp.receiveEmbedMessage=function(e){var t=e.data;if((t||t.secret||t.message||t.value)&&!/[^a-zA-Z0-9]/.test(t.secret)){for(var s,r,n,a=l.querySelectorAll('iframe[data-secret="'+t.secret+'"]'),o=l.querySelectorAll('blockquote[data-secret="'+t.secret+'"]'),c=new RegExp("^https?:$","i"),i=0;i<o.length;i++)o[i].style.display="none";for(i=0;i<a.length;i++)s=a[i],e.source===s.contentWindow&&(s.removeAttribute("style"),"height"===t.message?(1e3<(r=parseInt(t.value,10))?r=1e3:~~r<200&&(r=200),s.height=r):"link"===t.message&&(r=new URL(s.getAttribute("src")),n=new URL(t.value),c.test(n.protocol))&&n.host===r.host&&l.activeElement===s&&(d.top.location.href=t.value))}},d.addEventListener("message",d.wp.receiveEmbedMessage,!1),l.addEventListener("DOMContentLoaded",function(){for(var e,t,s=l.querySelectorAll("iframe.wp-embedded-content"),r=0;r<s.length;r++)(t=(e=s[r]).getAttribute("data-secret"))||(t=Math.random().toString(36).substring(2,12),e.src+="#?secret="+t,e.setAttribute("data-secret",t)),e.contentWindow.postMessage({message:"ready",secret:t},"*")},!1)))}(window,document);
//# sourceURL=https://basquetboleando.com/web/wp-includes/js/wp-embed.min.js
/* ]]> */
</script>

Una vez consumada la clasificación de El Quillá a la próxima instancia del Federativo U16 tras el triangular en el Coloso del Lago, BasquetBoleando conversó con el base tiburón que comentó las sensaciones de la victoria, reveló lo que sintieron tras caer en el primer juego del día y destacó...
